{"id":5971,"date":"2019-07-22T11:55:16","date_gmt":"2019-07-22T10:55:16","guid":{"rendered":"http:\/\/securite2000technique.net\/?page_id=5971"},"modified":"2023-03-29T09:54:43","modified_gmt":"2023-03-29T08:54:43","slug":"nos-services","status":"publish","type":"page","link":"https:\/\/securite2000.net\/?page_id=5971","title":{"rendered":"Services"},"content":{"rendered":"<div class=\"wpb-content-wrapper\"><p>[vc_section full_width=\u00a0\u00bbstretch_row\u00a0\u00bb][vc_row][vc_column]<div class=\"heading  header-subheader align-center color-black subcolor-main transform-default heading-tag-h2\" id=\"like_sc_header_1585941515\"><h2 class=\"header\">Nos solutions<\/h2><\/div><div class=\"ltx-content-width col-align-center\" style=\"max-width: 570px\">[vc_column_text]<\/p>\n<p style=\"text-align: center\"><strong>S\u00e9curit\u00e9 2000 Technique<\/strong> r\u00e9pondra \u00e0 vos attentes dans ses divers domaines d\u2019activit\u00e9 et sp\u00e9cificit\u00e9s tels que<\/p>\n<p>[\/vc_column_text]<\/div><div class=\"es-resp\">\t<div class=\"hidden-xl hidden-md hidden-sm hidden-ms hidden-xs\" style=\"height: 0px;\"><\/div>\t<div class=\"visible-md\" style=\"height: 0px;\"><\/div>\t<div class=\"visible-sm \" style=\"height: 0px;\"><\/div>\t<div class=\"visible-ms\" style=\"height: 0px;\"><\/div>\t<div class=\"visible-xs\" style=\"height: 0px;\"><\/div><\/div><div class=\"services-sc  layout-default row\">\t\t<div class=\"col-lg-4 col-md-4 col-sm-6 \">\n\t\t\t<article id=\"post-7702\" class=\"post-7702 services type-services status-publish has-post-thumbnail hentry\" data-mh=\"ltx-services\">\n\t\t\t    <a href=\"https:\/\/securite2000.net\/?services=formations\" class=\"photo img-shadow-plain\">\n\t\t\t        <img loading=\"lazy\" decoding=\"async\" width=\"778\" height=\"610\" src=\"https:\/\/securite2000.net\/wp-content\/uploads\/2019\/09\/adults-chairs-class-515166-778x610.jpg\" class=\"attachment-rigardi-service size-rigardi-service\" alt=\"\" \/>\t\t\t    <\/a>\n\t\t\t    <div class=\"description\">\n\t\t\t    \t<a href=\"https:\/\/securite2000.net\/?services=formations\">\n\t\t\t    \t<h5 class=\"header\"><span>Formations<\/span><\/h5>\t\t\t    \t<\/a>\n\t\t\t        <a href=\"https:\/\/securite2000.net\/?services=formations\" class=\"btn btn-xs color-hover-white\">Lire plus<span class=\"fa fa-arrow-right\"><\/span><\/a>  \n\t\t\t    <\/div>\n\t\t\t    <a href=\"https:\/\/securite2000.net\/?services=formations\" class=\"description-hover\">\n\t\t\t    \t<h5 class=\"header\">Formations<\/h5><p>SECURITE 2000  r\u00e9pond \u00e0 vos besoins de formation sur l\u2019exploitation de tous les syst\u00e8mes de s\u00e9curit\u00e9 que nous installons.\r\n\r\nNos formateurs sont pr\u00eats \u00e0 vous transmettre les connaissances et les comp\u00e9tences requises pour la bonne exploitation de vos installations.\r\n<\/p>\t\t\t    <\/a>\t \t\t\t    \n\t\t\t<\/article>\n\t\t<\/div>\n\t\t\t\t<div class=\"col-lg-4 col-md-4 col-sm-6 \">\n\t\t\t<article id=\"post-4262\" class=\"post-4262 services type-services status-publish has-post-thumbnail hentry\" data-mh=\"ltx-services\">\n\t\t\t    <a href=\"https:\/\/securite2000.net\/?services=gardiennage\" class=\"photo img-shadow-plain\">\n\t\t\t        <img loading=\"lazy\" decoding=\"async\" width=\"778\" height=\"610\" src=\"https:\/\/securite2000.net\/wp-content\/uploads\/2021\/03\/Gardiennage-778x610.jpg\" class=\"attachment-rigardi-service size-rigardi-service\" alt=\"\" \/>\t\t\t    <\/a>\n\t\t\t    <div class=\"description\">\n\t\t\t    \t<a href=\"https:\/\/securite2000.net\/?services=gardiennage\">\n\t\t\t    \t<h5 class=\"header\"><span>Gardiennage<\/span><\/h5>\t\t\t    \t<\/a>\n\t\t\t        <a href=\"https:\/\/securite2000.net\/?services=gardiennage\" class=\"btn btn-xs color-hover-white\">Lire plus<span class=\"fa fa-arrow-right\"><\/span><\/a>  \n\t\t\t    <\/div>\n\t\t\t    <a href=\"https:\/\/securite2000.net\/?services=gardiennage\" class=\"description-hover\">\n\t\t\t    \t<h5 class=\"header\">Gardiennage<\/h5><p>Pour optimiser l\u2019efficacit\u00e9 de la cha\u00eene s\u00e9curitaire,\u00a0S\u00e9curit\u00e9 2000\u00a0offre une solution qui englobe des ressources humaines qualifi\u00e9es et moyens techniques de pointe. Il s\u2019agit de proposer, apr\u00e8s \u00e9tude, les solutions les mieux adapt\u00e9es aux besoins et au contexte dans les domaines suivants:  <\/p>\t\t\t    <\/a>\t \t\t\t    \n\t\t\t<\/article>\n\t\t<\/div>\n\t\t\t\t<div class=\"col-lg-4 col-md-4 col-sm-6 \">\n\t\t\t<article id=\"post-7692\" class=\"post-7692 services type-services status-publish has-post-thumbnail hentry\" data-mh=\"ltx-services\">\n\t\t\t    <a href=\"https:\/\/securite2000.net\/?services=etudes\" class=\"photo img-shadow-plain\">\n\t\t\t        <img loading=\"lazy\" decoding=\"async\" width=\"778\" height=\"610\" src=\"https:\/\/securite2000.net\/wp-content\/uploads\/2019\/09\/check-class-desk-7103.jpg\" class=\"attachment-rigardi-service size-rigardi-service\" alt=\"\" srcset=\"https:\/\/securite2000.net\/wp-content\/uploads\/2019\/09\/check-class-desk-7103.jpg 778w, https:\/\/securite2000.net\/wp-content\/uploads\/2019\/09\/check-class-desk-7103-300x235.jpg 300w, https:\/\/securite2000.net\/wp-content\/uploads\/2019\/09\/check-class-desk-7103-768x602.jpg 768w\" sizes=\"auto, (max-width: 778px) 100vw, 778px\" \/>\t\t\t    <\/a>\n\t\t\t    <div class=\"description\">\n\t\t\t    \t<a href=\"https:\/\/securite2000.net\/?services=etudes\">\n\t\t\t    \t<h5 class=\"header\"><span>\u00c9tudes<\/span><\/h5>\t\t\t    \t<\/a>\n\t\t\t        <a href=\"https:\/\/securite2000.net\/?services=etudes\" class=\"btn btn-xs color-hover-white\">Lire plus<span class=\"fa fa-arrow-right\"><\/span><\/a>  \n\t\t\t    <\/div>\n\t\t\t    <a href=\"https:\/\/securite2000.net\/?services=etudes\" class=\"description-hover\">\n\t\t\t    \t<h5 class=\"header\">\u00c9tudes<\/h5><p>SECURITE 2000 r\u00e9pond \u00e0 vos besoins pour toute \u00e9tude ou\u00a0:<br>\r\n<br> - Plan de s\u00e9curit\u00e9 de vos infrastructures et sites\r\n<br> - Plan de d\u00e9fense\r\n<br> - Plan d\u2019intervention\r\n<br> - Plan d\u2019Alerte incendie\r\n\r\n<\/p>\t\t\t    <\/a>\t \t\t\t    \n\t\t\t<\/article>\n\t\t<\/div>\n\t\t\t\t<div class=\"col-lg-4 col-md-4 col-sm-6 \">\n\t\t\t<article id=\"post-4261\" class=\"post-4261 services type-services status-publish has-post-thumbnail hentry\" data-mh=\"ltx-services\">\n\t\t\t    <a href=\"https:\/\/securite2000.net\/?services=transport-de-fond\" class=\"photo img-shadow-plain\">\n\t\t\t        <img loading=\"lazy\" decoding=\"async\" width=\"778\" height=\"610\" src=\"https:\/\/securite2000.net\/wp-content\/uploads\/2018\/04\/transport-fond-778x610.jpg\" class=\"attachment-rigardi-service size-rigardi-service\" alt=\"\" \/>\t\t\t    <\/a>\n\t\t\t    <div class=\"description\">\n\t\t\t    \t<a href=\"https:\/\/securite2000.net\/?services=transport-de-fond\">\n\t\t\t    \t<h5 class=\"header\"><span>Transport <\/span><span>de <\/span><span>fond<\/span><\/h5>\t\t\t    \t<\/a>\n\t\t\t        <a href=\"https:\/\/securite2000.net\/?services=transport-de-fond\" class=\"btn btn-xs color-hover-white\">Lire plus<span class=\"fa fa-arrow-right\"><\/span><\/a>  \n\t\t\t    <\/div>\n\t\t\t    <a href=\"https:\/\/securite2000.net\/?services=transport-de-fond\" class=\"description-hover\">\n\t\t\t    \t<h5 class=\"header\">Transport de fond<\/h5><p>S\u00e9curit\u00e9 2000 assure \u00e9galement le transport de fond dans les meilleures conditions, avec le mat\u00e9riel ad\u00e9quat et des agents form\u00e9s et exp\u00e9riment\u00e9s.<\/p>\t\t\t    <\/a>\t \t\t\t    \n\t\t\t<\/article>\n\t\t<\/div>\n\t\t<\/div><div class=\"es-resp\">\t<div class=\"hidden-xl hidden-md hidden-sm hidden-ms hidden-xs\" style=\"height: 6px;\"><\/div>\t<div class=\"visible-md\" style=\"height: 6px;\"><\/div>\t<div class=\"visible-sm \" style=\"height: 6px;\"><\/div>\t<div class=\"visible-ms\" style=\"height: 0px;\"><\/div>\t<div class=\"visible-xs\" style=\"height: 0px;\"><\/div><\/div>[\/vc_column][\/vc_row][\/vc_section]<\/p>\n<\/div>","protected":false},"excerpt":{"rendered":"<p>[vc_section full_width=\u00a0\u00bbstretch_row\u00a0\u00bb][vc_row][vc_column][\/vc_column][\/vc_row][\/vc_section]<\/p>\n","protected":false},"author":3,"featured_media":0,"parent":0,"menu_order":0,"comment_status":"closed","ping_status":"closed","template":"","meta":{"footnotes":""},"class_list":["post-5971","page","type-page","status-publish","hentry","has-post-thumbnail"],"_links":{"self":[{"href":"https:\/\/securite2000.net\/index.php?rest_route=\/wp\/v2\/pages\/5971","targetHints":{"allow":["GET"]}}],"collection":[{"href":"https:\/\/securite2000.net\/index.php?rest_route=\/wp\/v2\/pages"}],"about":[{"href":"https:\/\/securite2000.net\/index.php?rest_route=\/wp\/v2\/types\/page"}],"author":[{"embeddable":true,"href":"https:\/\/securite2000.net\/index.php?rest_route=\/wp\/v2\/users\/3"}],"replies":[{"embeddable":true,"href":"https:\/\/securite2000.net\/index.php?rest_route=%2Fwp%2Fv2%2Fcomments&post=5971"}],"version-history":[{"count":8,"href":"https:\/\/securite2000.net\/index.php?rest_route=\/wp\/v2\/pages\/5971\/revisions"}],"predecessor-version":[{"id":12674,"href":"https:\/\/securite2000.net\/index.php?rest_route=\/wp\/v2\/pages\/5971\/revisions\/12674"}],"wp:attachment":[{"href":"https:\/\/securite2000.net\/index.php?rest_route=%2Fwp%2Fv2%2Fmedia&parent=5971"}],"curies":[{"name":"wp","href":"https:\/\/api.w.org\/{rel}","templated":true}]}}